{"id":890,"date":"2023-11-05T16:31:32","date_gmt":"2023-11-05T15:31:32","guid":{"rendered":"https:\/\/www.spd-oberkraemer.de\/?page_id=890"},"modified":"2024-11-28T08:32:20","modified_gmt":"2024-11-28T07:32:20","slug":"der-vorstand","status":"publish","type":"page","link":"https:\/\/www.spd-oberkraemer.de\/?page_id=890","title":{"rendered":"Unser Vorstand"},"content":{"rendered":"<p>&nbsp;<\/p>\n<p><span style=\"color: #000000;\"><b><img loading=\"lazy\" class=\"size-medium wp-image-1253 alignleft\" src=\"https:\/\/www.spd-oberkraemer.de\/wp-content\/uploads\/2024\/11\/Marcel-Kirchner-300x300.png\" alt=\"\" width=\"300\" height=\"300\" srcset=\"https:\/\/www.spd-oberkraemer.de\/wp-content\/uploads\/2024\/11\/Marcel-Kirchner-300x300.png 300w, https:\/\/www.spd-oberkraemer.de\/wp-content\/uploads\/2024\/11\/Marcel-Kirchner-1024x1024.png 1024w, https:\/\/www.spd-oberkraemer.de\/wp-content\/uploads\/2024\/11\/Marcel-Kirchner-150x150.png 150w, https:\/\/www.spd-oberkraemer.de\/wp-content\/uploads\/2024\/11\/Marcel-Kirchner-768x768.png 768w, https:\/\/www.spd-oberkraemer.de\/wp-content\/uploads\/2024\/11\/Marcel-Kirchner-1536x1536.png 1536w, https:\/\/www.spd-oberkraemer.de\/wp-content\/uploads\/2024\/11\/Marcel-Kirchner-116x116.png 116w, https:\/\/www.spd-oberkraemer.de\/wp-content\/uploads\/2024\/11\/Marcel-Kirchner.png 1620w\" sizes=\"(max-width: 300px) 100vw, 300px\" \/>Marcel Kirchner, Vorsitzender<\/b><\/span><\/p>\n<p>&nbsp;<\/p>\n<p><span style=\"color: #000000;\"><strong>Politische Arbeit:<\/strong> Vorsitzender im Ortsverein Schwante\/Oberkr\u00e4mer, Beisitzer im Unterbezirksvorstand Oberhavel, Delegierter f\u00fcr Parteitage Oberhavel und Landesparteitage<\/span><\/p>\n<p>&nbsp;<\/p>\n<p>&nbsp;<\/p>\n<p>&nbsp;<\/p>\n<p>&nbsp;<\/p>\n<p>&nbsp;<\/p>\n<hr>\n<p><span style=\"color: #000000;\"><b><img loading=\"lazy\" class=\"size-medium wp-image-793 alignright\" src=\"https:\/\/www.spd-oberkraemer.de\/wp-content\/uploads\/2023\/10\/Dana-Bosse-350-300x300.jpg\" alt=\"\" width=\"300\" height=\"300\" srcset=\"https:\/\/www.spd-oberkraemer.de\/wp-content\/uploads\/2023\/10\/Dana-Bosse-350-300x300.jpg 300w, https:\/\/www.spd-oberkraemer.de\/wp-content\/uploads\/2023\/10\/Dana-Bosse-350-150x150.jpg 150w, https:\/\/www.spd-oberkraemer.de\/wp-content\/uploads\/2023\/10\/Dana-Bosse-350-116x116.jpg 116w, https:\/\/www.spd-oberkraemer.de\/wp-content\/uploads\/2023\/10\/Dana-Bosse-350.jpg 350w\" sizes=\"(max-width: 300px) 100vw, 300px\" \/>Dana Bosse, stellvertretende Vorsitzende<\/b><\/span><\/p>\n<p><span style=\"color: #000000;\">E-Mail: dana.bosse@spd-oberkraemer.de<\/span><\/p>\n<p><span style=\"color: #000000;\">Schwante, geb. 1978<\/span><\/p>\n<p><span style=\"color: #000000;\">B\u00fcroleiterin im B\u00fcrgerb\u00fcro des Mdl Andreas Noack<\/span><\/p>\n<p><span style=\"color: #000000;\"><strong>Politische Arbeit:<\/strong> stellvertretende Vorsitzende im Ortsverein Schwante\/Oberkr\u00e4mer, Stellvertretende Vorsitzende im Unterbezirksvorstand Oberhavel, Delegierte f\u00fcr Parteitage Oberhavel und Landesparteitage, Gemeindevertreterin &#8211; Mitglied im Ausschuss f\u00fcr Bauen, Entwicklung und Tourismus und Ausschuss Ordnung, Soziales und Umwelt<\/span><\/p>\n<p>&nbsp;<\/p>\n<p>&nbsp;<\/p>\n<hr>\n<p>&nbsp;<\/p>\n<p>&nbsp;<\/p>\n<p><span style=\"color: #000000;\"><b><img loading=\"lazy\" class=\"size-medium wp-image-813 alignleft\" src=\"https:\/\/www.spd-oberkraemer.de\/wp-content\/uploads\/2023\/10\/Marvin181-Kopie-300x300.jpg\" alt=\"\" width=\"300\" height=\"300\" srcset=\"https:\/\/www.spd-oberkraemer.de\/wp-content\/uploads\/2023\/10\/Marvin181-Kopie-300x300.jpg 300w, https:\/\/www.spd-oberkraemer.de\/wp-content\/uploads\/2023\/10\/Marvin181-Kopie-150x150.jpg 150w, https:\/\/www.spd-oberkraemer.de\/wp-content\/uploads\/2023\/10\/Marvin181-Kopie-116x116.jpg 116w, https:\/\/www.spd-oberkraemer.de\/wp-content\/uploads\/2023\/10\/Marvin181-Kopie.jpg 350w\" sizes=\"(max-width: 300px) 100vw, 300px\" \/><\/b><\/span><\/p>\n<p><span style=\"color: #000000;\"><b>Marvin Jesiek, Kassierer<\/b><\/span><\/p>\n<p><span style=\"color: #000000;\">B\u00e4renklau geb. 1996 Mitarbeiter beim Landtagsabgeordneten Andreas Noack<\/span><\/p>\n<p><span style=\"color: #000000;\"><strong>Politische T\u00e4tigkeit:<\/strong> Kassierer im Ortsverein Schwante\/Oberkr\u00e4mer<\/span><\/p>\n<p>&nbsp;<\/p>\n<p>&nbsp;<\/p>\n<p>&nbsp;<\/p>\n<p>&nbsp;<\/p>\n<p>&nbsp;<\/p>\n<p>&nbsp;<\/p>\n<hr>\n<p>&nbsp;<\/p>\n<p><img loading=\"lazy\" class=\"size-medium wp-image-797 alignright\" src=\"https:\/\/www.spd-oberkraemer.de\/wp-content\/uploads\/2023\/10\/Michael-Hiepel-300x300.jpg\" alt=\"\" width=\"300\" height=\"300\" srcset=\"https:\/\/www.spd-oberkraemer.de\/wp-content\/uploads\/2023\/10\/Michael-Hiepel-300x300.jpg 300w, https:\/\/www.spd-oberkraemer.de\/wp-content\/uploads\/2023\/10\/Michael-Hiepel-150x150.jpg 150w, https:\/\/www.spd-oberkraemer.de\/wp-content\/uploads\/2023\/10\/Michael-Hiepel-116x116.jpg 116w, https:\/\/www.spd-oberkraemer.de\/wp-content\/uploads\/2023\/10\/Michael-Hiepel.jpg 350w\" sizes=\"(max-width: 300px) 100vw, 300px\" \/><\/p>\n<p><span style=\"color: #000000;\"><b>Michael Hiepel, Beisitzer&nbsp;<\/b><\/span><\/p>\n<p><span style=\"color: #000000;\">E-Mail: mhiepel@googlemail.com<\/span><\/p>\n<p><span style=\"color: #000000;\">Schwante, geb. 1961 Verkaufsleiter Deutschland<\/span><\/p>\n<p><span style=\"color: #000000;\"><strong>Politische T\u00e4tigkeit:<\/strong> Beisitzer des Ortsvereins Schwante\/Oberkr\u00e4mer. Delegierter f\u00fcr Parteitage Oberhavel, Europabeauftragter der SPD-Oberhavel<\/span><\/p>\n<p>&nbsp;<\/p>\n<p>&nbsp;<\/p>\n<p>&nbsp;<\/p>\n<p>&nbsp;<\/p>\n<hr>\n<p><img loading=\"lazy\" class=\"size-medium wp-image-796 alignleft\" src=\"https:\/\/www.spd-oberkraemer.de\/wp-content\/uploads\/2023\/10\/Kugler-Vivien-Semrau-300x300.jpg\" alt=\"\" width=\"300\" height=\"300\" srcset=\"https:\/\/www.spd-oberkraemer.de\/wp-content\/uploads\/2023\/10\/Kugler-Vivien-Semrau-300x300.jpg 300w, https:\/\/www.spd-oberkraemer.de\/wp-content\/uploads\/2023\/10\/Kugler-Vivien-Semrau-150x150.jpg 150w, https:\/\/www.spd-oberkraemer.de\/wp-content\/uploads\/2023\/10\/Kugler-Vivien-Semrau-116x116.jpg 116w, https:\/\/www.spd-oberkraemer.de\/wp-content\/uploads\/2023\/10\/Kugler-Vivien-Semrau.jpg 350w\" sizes=\"(max-width: 300px) 100vw, 300px\" \/><\/p>\n<p><span style=\"color: #000000;\"><b>Vivien Semrau, Beisitzerin<\/b><\/span><\/p>\n<p><span style=\"color: #000000;\">E-Mail: vivi.semrau@gmail.com<\/span><\/p>\n<p><span style=\"color: #000000;\">B\u00f6tzow, geb. 2004, Studentin,<\/span><\/p>\n<p><span style=\"color: #000000;\"><strong>Politische T\u00e4tigkeit:<\/strong> Beisitzer im Vorstand des Ortsvereins Schwante\/Oberkr\u00e4mer Mitglied im Ortsbeirat B\u00f6tzow, Co-Vorsitzende Jusos Oberhavel, Beisitzerin der AG Bildung (AfB)<\/span><\/p>\n<p>&nbsp;<\/p>\n<p>&nbsp;<\/p>\n<p>&nbsp;<\/p>\n<p>&nbsp;<\/p>\n<hr>\n<p><img loading=\"lazy\" class=\"size-medium wp-image-801 alignright\" src=\"https:\/\/www.spd-oberkraemer.de\/wp-content\/uploads\/2023\/10\/Goetz-Lippmann-300x300.png\" alt=\"\" width=\"300\" height=\"300\" srcset=\"https:\/\/www.spd-oberkraemer.de\/wp-content\/uploads\/2023\/10\/Goetz-Lippmann-300x300.png 300w, https:\/\/www.spd-oberkraemer.de\/wp-content\/uploads\/2023\/10\/Goetz-Lippmann-150x150.png 150w, https:\/\/www.spd-oberkraemer.de\/wp-content\/uploads\/2023\/10\/Goetz-Lippmann-116x116.png 116w, https:\/\/www.spd-oberkraemer.de\/wp-content\/uploads\/2023\/10\/Goetz-Lippmann.png 350w\" sizes=\"(max-width: 300px) 100vw, 300px\" \/><\/p>\n<p><span style=\"color: #000000;\"><b>G\u00f6tz Lippmann, Kassenpr\u00fcfer<\/b><\/span><\/p>\n<p><span style=\"color: #000000;\">G\u00f6tz Lippmann, B\u00f6tzow, geb. 1936<\/span><\/p>\n<p><span style=\"color: #000000;\"><strong>Politische T\u00e4tigkeit:<\/strong> Kassenpr\u00fcfer im Ortsverein<\/span><\/p>\n<p>&nbsp;<\/p>\n<p>&nbsp;<\/p>\n<p>&nbsp;<\/p>\n<p>&nbsp;<\/p>\n<p>&nbsp;<\/p>\n<p>&nbsp;<\/p>\n","protected":false},"excerpt":{"rendered":"<p>&nbsp; Marcel Kirchner, Vorsitzender &nbsp; Politische Arbeit: Vorsitzender im Ortsverein Schwante\/Oberkr\u00e4mer, Beisitzer im Unterbezirksvorstand Oberhavel, Delegierter f\u00fcr Parteitage Oberhavel und Landesparteitage &nbsp; &nbsp; &nbsp; &nbsp; &nbsp; Dana Bosse, stellvertretende Vorsitzende E-Mail: dana.bosse@spd-oberkraemer.de Schwante, geb. 1978 B\u00fcroleiterin im B\u00fcrgerb\u00fcro des Mdl Andreas Noack Politische Arbeit: stellvertretende Vorsitzende im Ortsverein Schwante\/Oberkr\u00e4mer, Stellvertretende Vorsitzende im Unterbezirksvorstand Oberhavel, Delegierte<\/p>\n<div><a class=\"btn-filled btn\" href=\"https:\/\/www.spd-oberkraemer.de\/?page_id=890\" title=\"Unser Vorstand\">Weiterlesen<\/a><\/div>\n","protected":false},"author":1,"featured_media":0,"parent":0,"menu_order":0,"comment_status":"closed","ping_status":"closed","template":"page-templates\/full-width.php","meta":{"ngg_post_thumbnail":0},"_links":{"self":[{"href":"https:\/\/www.spd-oberkraemer.de\/index.php?rest_route=\/wp\/v2\/pages\/890"}],"collection":[{"href":"https:\/\/www.spd-oberkraemer.de\/index.php?rest_route=\/wp\/v2\/pages"}],"about":[{"href":"https:\/\/www.spd-oberkraemer.de\/index.php?rest_route=\/wp\/v2\/types\/page"}],"author":[{"embeddable":true,"href":"https:\/\/www.spd-oberkraemer.de\/index.php?rest_route=\/wp\/v2\/users\/1"}],"replies":[{"embeddable":true,"href":"https:\/\/www.spd-oberkraemer.de\/index.php?rest_route=%2Fwp%2Fv2%2Fcomments&post=890"}],"version-history":[{"count":9,"href":"https:\/\/www.spd-oberkraemer.de\/index.php?rest_route=\/wp\/v2\/pages\/890\/revisions"}],"predecessor-version":[{"id":1259,"href":"https:\/\/www.spd-oberkraemer.de\/index.php?rest_route=\/wp\/v2\/pages\/890\/revisions\/1259"}],"wp:attachment":[{"href":"https:\/\/www.spd-oberkraemer.de\/index.php?rest_route=%2Fwp%2Fv2%2Fmedia&parent=890"}],"curies":[{"name":"wp","href":"https:\/\/api.w.org\/{rel}","templated":true}]}}

<p>&nbsp;</p>
<p><span style="color: #000000;"><b><img loading="lazy" class="size-medium wp-image-1253 alignleft" src="https://www.spd-oberkraemer.de/wp-content/uploads/2024/11/Marcel-Kirchner-300x300.png" alt="" width="300" height="300" srcset="https://www.spd-oberkraemer.de/wp-content/uploads/2024/11/Marcel-Kirchner-300x300.png 300w, https://www.spd-oberkraemer.de/wp-content/uploads/2024/11/Marcel-Kirchner-1024x1024.png 1024w, https://www.spd-oberkraemer.de/wp-content/uploads/2024/11/Marcel-Kirchner-150x150.png 150w, https://www.spd-oberkraemer.de/wp-content/uploads/2024/11/Marcel-Kirchner-768x768.png 768w, https://www.spd-oberkraemer.de/wp-content/uploads/2024/11/Marcel-Kirchner-1536x1536.png 1536w, https://www.spd-oberkraemer.de/wp-content/uploads/2024/11/Marcel-Kirchner-116x116.png 116w, https://www.spd-oberkraemer.de/wp-content/uploads/2024/11/Marcel-Kirchner.png 1620w" sizes="(max-width: 300px) 100vw, 300px" />Marcel Kirchner, Vorsitzender</b></span></p>
<p>&nbsp;</p>
<p><span style="color: #000000;"><strong>Politische Arbeit:</strong> Vorsitzender im Ortsverein Schwante/Oberkrämer, Beisitzer im Unterbezirksvorstand Oberhavel, Delegierter für Parteitage Oberhavel und Landesparteitage</span></p>
<p>&nbsp;</p>
<p>&nbsp;</p>
<p>&nbsp;</p>
<p>&nbsp;</p>
<p>&nbsp;</p>
<hr>
<p><span style="color: #000000;"><b><img loading="lazy" class="size-medium wp-image-793 alignright" src="https://www.spd-oberkraemer.de/wp-content/uploads/2023/10/Dana-Bosse-350-300x300.jpg" alt="" width="300" height="300" srcset="https://www.spd-oberkraemer.de/wp-content/uploads/2023/10/Dana-Bosse-350-300x300.jpg 300w, https://www.spd-oberkraemer.de/wp-content/uploads/2023/10/Dana-Bosse-350-150x150.jpg 150w, https://www.spd-oberkraemer.de/wp-content/uploads/2023/10/Dana-Bosse-350-116x116.jpg 116w, https://www.spd-oberkraemer.de/wp-content/uploads/2023/10/Dana-Bosse-350.jpg 350w" sizes="(max-width: 300px) 100vw, 300px" />Dana Bosse, stellvertretende Vorsitzende</b></span></p>
<p><span style="color: #000000;">E-Mail: dana.bosse@spd-oberkraemer.de</span></p>
<p><span style="color: #000000;">Schwante, geb. 1978</span></p>
<p><span style="color: #000000;">Büroleiterin im Bürgerbüro des Mdl Andreas Noack</span></p>
<p><span style="color: #000000;"><strong>Politische Arbeit:</strong> stellvertretende Vorsitzende im Ortsverein Schwante/Oberkrämer, Stellvertretende Vorsitzende im Unterbezirksvorstand Oberhavel, Delegierte für Parteitage Oberhavel und Landesparteitage, Gemeindevertreterin &#8211; Mitglied im Ausschuss für Bauen, Entwicklung und Tourismus und Ausschuss Ordnung, Soziales und Umwelt</span></p>
<p>&nbsp;</p>
<p>&nbsp;</p>
<hr>
<p>&nbsp;</p>
<p>&nbsp;</p>
<p><span style="color: #000000;"><b><img loading="lazy" class="size-medium wp-image-813 alignleft" src="https://www.spd-oberkraemer.de/wp-content/uploads/2023/10/Marvin181-Kopie-300x300.jpg" alt="" width="300" height="300" srcset="https://www.spd-oberkraemer.de/wp-content/uploads/2023/10/Marvin181-Kopie-300x300.jpg 300w, https://www.spd-oberkraemer.de/wp-content/uploads/2023/10/Marvin181-Kopie-150x150.jpg 150w, https://www.spd-oberkraemer.de/wp-content/uploads/2023/10/Marvin181-Kopie-116x116.jpg 116w, https://www.spd-oberkraemer.de/wp-content/uploads/2023/10/Marvin181-Kopie.jpg 350w" sizes="(max-width: 300px) 100vw, 300px" /></b></span></p>
<p><span style="color: #000000;"><b>Marvin Jesiek, Kassierer</b></span></p>
<p><span style="color: #000000;">Bärenklau geb. 1996 Mitarbeiter beim Landtagsabgeordneten Andreas Noack</span></p>
<p><span style="color: #000000;"><strong>Politische Tätigkeit:</strong> Kassierer im Ortsverein Schwante/Oberkrämer</span></p>
<p>&nbsp;</p>
<p>&nbsp;</p>
<p>&nbsp;</p>
<p>&nbsp;</p>
<p>&nbsp;</p>
<p>&nbsp;</p>
<hr>
<p>&nbsp;</p>
<p><img loading="lazy" class="size-medium wp-image-797 alignright" src="https://www.spd-oberkraemer.de/wp-content/uploads/2023/10/Michael-Hiepel-300x300.jpg" alt="" width="300" height="300" srcset="https://www.spd-oberkraemer.de/wp-content/uploads/2023/10/Michael-Hiepel-300x300.jpg 300w, https://www.spd-oberkraemer.de/wp-content/uploads/2023/10/Michael-Hiepel-150x150.jpg 150w, https://www.spd-oberkraemer.de/wp-content/uploads/2023/10/Michael-Hiepel-116x116.jpg 116w, https://www.spd-oberkraemer.de/wp-content/uploads/2023/10/Michael-Hiepel.jpg 350w" sizes="(max-width: 300px) 100vw, 300px" /></p>
<p><span style="color: #000000;"><b>Michael Hiepel, Beisitzer&nbsp;</b></span></p>
<p><span style="color: #000000;">E-Mail: mhiepel@googlemail.com</span></p>
<p><span style="color: #000000;">Schwante, geb. 1961 Verkaufsleiter Deutschland</span></p>
<p><span style="color: #000000;"><strong>Politische Tätigkeit:</strong> Beisitzer des Ortsvereins Schwante/Oberkrämer. Delegierter für Parteitage Oberhavel, Europabeauftragter der SPD-Oberhavel</span></p>
<p>&nbsp;</p>
<p>&nbsp;</p>
<p>&nbsp;</p>
<p>&nbsp;</p>
<hr>
<p><img loading="lazy" class="size-medium wp-image-796 alignleft" src="https://www.spd-oberkraemer.de/wp-content/uploads/2023/10/Kugler-Vivien-Semrau-300x300.jpg" alt="" width="300" height="300" srcset="https://www.spd-oberkraemer.de/wp-content/uploads/2023/10/Kugler-Vivien-Semrau-300x300.jpg 300w, https://www.spd-oberkraemer.de/wp-content/uploads/2023/10/Kugler-Vivien-Semrau-150x150.jpg 150w, https://www.spd-oberkraemer.de/wp-content/uploads/2023/10/Kugler-Vivien-Semrau-116x116.jpg 116w, https://www.spd-oberkraemer.de/wp-content/uploads/2023/10/Kugler-Vivien-Semrau.jpg 350w" sizes="(max-width: 300px) 100vw, 300px" /></p>
<p><span style="color: #000000;"><b>Vivien Semrau, Beisitzerin</b></span></p>
<p><span style="color: #000000;">E-Mail: vivi.semrau@gmail.com</span></p>
<p><span style="color: #000000;">Bötzow, geb. 2004, Studentin,</span></p>
<p><span style="color: #000000;"><strong>Politische Tätigkeit:</strong> Beisitzer im Vorstand des Ortsvereins Schwante/Oberkrämer Mitglied im Ortsbeirat Bötzow, Co-Vorsitzende Jusos Oberhavel, Beisitzerin der AG Bildung (AfB)</span></p>
<p>&nbsp;</p>
<p>&nbsp;</p>
<p>&nbsp;</p>
<p>&nbsp;</p>
<hr>
<p><img loading="lazy" class="size-medium wp-image-801 alignright" src="https://www.spd-oberkraemer.de/wp-content/uploads/2023/10/Goetz-Lippmann-300x300.png" alt="" width="300" height="300" srcset="https://www.spd-oberkraemer.de/wp-content/uploads/2023/10/Goetz-Lippmann-300x300.png 300w, https://www.spd-oberkraemer.de/wp-content/uploads/2023/10/Goetz-Lippmann-150x150.png 150w, https://www.spd-oberkraemer.de/wp-content/uploads/2023/10/Goetz-Lippmann-116x116.png 116w, https://www.spd-oberkraemer.de/wp-content/uploads/2023/10/Goetz-Lippmann.png 350w" sizes="(max-width: 300px) 100vw, 300px" /></p>
<p><span style="color: #000000;"><b>Götz Lippmann, Kassenprüfer</b></span></p>
<p><span style="color: #000000;">Götz Lippmann, Bötzow, geb. 1936</span></p>
<p><span style="color: #000000;"><strong>Politische Tätigkeit:</strong> Kassenprüfer im Ortsverein</span></p>
<p>&nbsp;</p>
<p>&nbsp;</p>
<p>&nbsp;</p>
<p>&nbsp;</p>
<p>&nbsp;</p>
<p>&nbsp;</p>

<p>&nbsp; Marcel Kirchner, Vorsitzender &nbsp; Politische Arbeit: Vorsitzender im Ortsverein Schwante/Oberkrämer, Beisitzer im Unterbezirksvorstand Oberhavel, Delegierter für Parteitage Oberhavel und Landesparteitage &nbsp; &nbsp; &nbsp; &nbsp; &nbsp; Dana Bosse, stellvertretende Vorsitzende E-Mail: dana.bosse@spd-oberkraemer.de Schwante, geb. 1978 Büroleiterin im Bürgerbüro des Mdl Andreas Noack Politische Arbeit: stellvertretende Vorsitzende im Ortsverein Schwante/Oberkrämer, Stellvertretende Vorsitzende im Unterbezirksvorstand Oberhavel, Delegierte</p>
<div><a class="btn-filled btn" href="https://www.spd-oberkraemer.de/?page_id=890" title="Unser Vorstand">Weiterlesen</a></div>
